2*p = 4*r - 28, r - 4*r + 5*p = -8. Suppose 3*g + 0 = -r. What is the units digit of g/4*48/(-3)?
8
Suppose 0 = -2*k + 3*k. What is the tens digit of 16/(3 - (2 + k))?
1
Suppose 0 = -3*f + 4*n + 121, 0 = -5*f + 4*n - 3*n + 213. What is the tens digit of f?
4
Suppose -u + 39 = 4*m, -m - 69 = -2*u - 0*u. What is the units digit of u?
5
Suppose 4 = 2*u - 0. What is the units digit of (u + -35)*(-2)/3?
2
Let y = -11 - -13. Suppose -4*f + y*r = -84, -6 = -5*f + 4*r + 102. What is the units digit of f?
0
Suppose 6*y - 7 = 143. What is the tens digit of y?
2
Suppose 0*g - g + 18 = 0. Suppose -i + 7 = -g. What is the tens digit of i?
2
Suppose -x = 2*x - 3*g - 159, -x + 48 = -2*g. Let v = 12 + x. Suppose -4*q + v = 5*b + 19, 2*b + 2*q - 20 = 0. What is the tens digit of b?
1
Let a(l) = -l**3 + 13*l**2 + 5*l. What is the units digit of a(13)?
5
What is the units digit of (3 - 2)*(-477)/(-9)?
3
Suppose 8*k = 3*k + 195. What is the tens digit of k?
3
Let x be (-2 - 0)*(-5)/2. Let w = -15 + 15. Suppose w = -4*n + 1 + 15, 0 = -x*k + 5*n. What is the units digit of k?
4
Let y(c) = -c**3 + 5*c**2 + 6*c - 1. Let i be y(6). Let b(v) = -v**3 + v. Let n be b(-1). What is the tens digit of 14 + n/i + -1?
1
Suppose 5*b - 315 = j + 2*j, -5*b = j - 335. What is the units digit of b?
6
Let c(p) be the first derivative of 4/3*p**3 + 2*p**2 - 1/4*p**4 + 1 + 6*p. What is the units digit of c(5)?
1
Let a(g) = -g**2 - 11*g + 1. What is the units digit of a(-9)?
9
Let x(z) = 3*z**2 - 8*z + 2. Let i be x(3). Suppose -q - 4*q + 155 = i*u, 2*q = u - 37. What is the tens digit of u?
3
Let m be (11 + -8)/((-1)/(-20)). Suppose 3*r - 38 = 2*c - 4*c, -4*r + m = -2*c. What is the units digit of r?
4
Suppose -2*v + 15 = 3*v. Let r(u) = u**2 + 2*u. What is the tens digit of r(v)?
1
Suppose 4*y + 4*a - 76 = 0, 2*y - 2*a = 3*y - 17. What is the tens digit of y?
2
Let h(z) = z**3 - 7*z**2 - 9*z + 12. Let q be h(8). Suppose -2*l = -l - q. What is the units digit of l?
4
Let k = -17 - -11. Let q(n) be the second derivative of n**4/12 + n**3 + n**2 - 3*n. What is the units digit of q(k)?
2
Let y(q) = q**2 - 2*q + 3. Let g be y(2). What is the units digit of ((-5)/10)/(g/(-114))?
9
Let a(s) = -s**2 - 7*s - 6. Let z be a(-4). Let i(t) = -2 - z*t + 3*t - 11*t + 1. What is the units digit of i(-1)?
3
Let d(f) = f**3 + 6*f**2 - 8*f - 4. What is the units digit of d(-7)?
3
Let q = -34 + 26. Let f(h) = h**2 + 4*h + 7. What is the tens digit of f(q)?
3
Let x = -69 + 173. What is the units digit of x?
4
Let b(y) = y + 8. Let r be b(-6). Suppose t = 5, z - t = -r - 1. Suppose 6*h - z*u = 2*h + 54, -3*u = 5*h - 51. What is the tens digit of h?
1
Suppose d - w + 287 = 5*d, -w + 143 = 2*d. Suppose -d = -3*p - p. What is the tens digit of p?
1
Let m = 255 - 123. What is the hundreds digit of m?
1
Let b(t) = t + 16. Suppose 0 = -7*x + 2*x. What is the tens digit of b(x)?
1
Let q(d) be the second derivative of -5*d**3/3 - d**2 + 3*d. What is the tens digit of q(-2)?
1
Suppose b + 4*g = 120, 3*b = g + 264 + 135. Suppose 235 = 5*f + 4*o - 2*o, -3*o = 3*f - b. Suppose 5*q - f = -9. What is the units digit of q?
8
Let y(h) = h**3 - 12*h**2 + 14. Let m be y(12). Suppose -5*s = 4*l - m, 4*l + 0*s = -4*s + 16. What is the units digit of l?
6
Suppose -4 - 4 = -3*y - f, y - 3*f = 16. Suppose 26 = 5*d - y. What is the units digit of d?
6
Let w = 78 + -49. What is the units digit of w?
9
Let w = 260 - 86. What is the units digit of w?
4
What is the tens digit of 3/(-2)*696/(-18)?
5
Suppose 0*u = 2*z - u + 16, -2*u = 0. Let x(q) = -q**3 - 7*q**2 + 8*q + 8. What is the units digit of x(z)?
8
Suppose 0*m + 4*d - 154 = -2*m, -5*d - 198 = -3*m. What is the units digit of m?
1
Suppose 2*s - 53 = z, 2*s - 3*s + 23 = 3*z. Suppose 2*w - 2 = s. Suppose 3*n - w = n. What is the units digit of n?
7
Let c(x) = -2*x**3 - x**2 + 3*x + 3. What is the units digit of c(-3)?
9
Let t(i) = -i**2 - 2*i. Let j = 1 + 2. Suppose 0 = 5*m - 3*a + 2 + j, 4 = -4*m + a. What is the units digit of t(m)?
1
Let i be ((-9)/(-3))/3*5. Suppose 3*u - i*u + 2 = 0. What is the units digit of u?
1
Let w = -13 - 3. What is the tens digit of (352/w)/(2/(-2))?
2
Let q be (4 - 3)/(1/(-2)). What is the tens digit of (-1)/q + (-1674)/(-36)?
4
Suppose 4*a - 167 = 237. Let m = 149 - a. What is the units digit of m?
8
What is the tens digit of (58/(-8))/((-8)/256)?
3
Let c be 3 + ((-4)/(-1) - 1). Let b(r) = 7*r**2 + 4*r + 2. Let u be b(-2). Let w = u - c. What is the units digit of w?
6
Let f(a) = a**3 - 6*a**2 + 6*a - 2. Let b be f(5). Suppose 0 = -4*l + 8, 4*n - 3*l + 5 = b. What is the units digit of n?
1
Let s(h) = -h**3 - 4*h**2 - 2*h. Let y be s(-2). What is the units digit of 6/(-2) - -2 - y?
3
Suppose 0*x = x - 5, -39 = -2*q + 5*x. What is the units digit of q?
2
Let f = 34 + -14. Suppose 5 = -3*h + f. Suppose -3*d + 45 = h*b - 0*d, 0 = -b - 3*d + 9. What is the units digit of b?
9
Suppose -2*y - l = -3*l + 14, -3*y - 21 = -4*l. What is the units digit of (0 - y) + (1 - 1)?
7
Suppose -135 = -2*a - x, -x - 159 - 31 = -3*a. What is the tens digit of a?
6
Let x(z) = -3*z**2 + 1. Let y be x(-1). Let a be 1 - y*(-1)/2. Suppose a = 2*c + 2*c - 28. What is the units digit of c?
7
Let q(f) = f + 4. Suppose -2*w - 2 = -5*s + 26, -w - 15 = -3*s. Let r = -6 - w. What is the units digit of q(r)?
7
Let h = -3 - -7. What is the units digit of ((-56)/h)/((-2)/1)?
7
Suppose -d - 2*n - 30 = -90, 5*n - 237 = -4*d. What is the units digit of d?
8
Let u(a) = 20*a + 11. What is the units digit of u(3)?
1
Suppose 4*i = -2*m + 15 - 5, -5 = i + 3*m. Suppose -7 - 5 = -i*b. What is the units digit of (-4)/2 - (-2 - b)?
3
Let r = 15 - -49. Suppose 0*c = -2*c - 4*g + r, 2*c - 61 = -3*g. What is the units digit of c?
6
Suppose 2*g - 14 = -3*s, 4*g + 6 = 3*s - 2. Suppose 6 = 5*u - s. What is the units digit of u?
2
Let o be (17/(-2))/((-3)/18). Let f = o + -35. Suppose 34 = 4*z + z - b, 4*b + f = 0. What is the units digit of z?
6
Suppose 0 = -2*n - 4*j - 10, -4*n - 3*j - 3 - 7 = 0. Let b be n*(1 - 1 - 1). What is the units digit of (2/(-7))/(b/(-7))?
2
Suppose -2*g - 5*o + 96 + 160 = 0, 0 = -g + 2*o + 137. What is the units digit of g?
3
Suppose -5 = -3*q + 7. Suppose -5*v + 0*v = -25. Suppose -v*h = -h - q. What is the units digit of h?
1
Let m be (3 - (0 + -3)) + -3. Suppose 13 = 2*x - 5*v, -30 = -m*x - 2*v + 6*v. What is the tens digit of x?
1
Let z = -4 + 6. Let t = 2 - -1. What is the units digit of (-5)/z*(t - 5)?
5
Suppose -33 = -3*f - 3*n, 2*f - 5*n - 7 = 8. What is the tens digit of -8*(-3)/(12/f)?
2
Suppose j - 15 + 1 = 0. Let x be 6/(-21) + 4/j. Suppose x = 5*p - 0 - 25. What is the units digit of p?
5
Let y = -13 + 15. Suppose -4*d - 2*t = -72, -y*d + 7*d - 5*t = 120. What is the tens digit of d?
2
Let y(i) = i + 3. Suppose -2*d = d + 9. Let r be y(d). What is the units digit of 6/9*(r - -3)?
2
What is the tens digit of 32 + ((-18)/(-3))/((-2)/1)?
2
Let c(a) = 4*a - 2. Let t be 0/((-1)/(1/(-1))). Suppose 2*p - o - 3 = 0, 6 = -t*o + 2*o. What is the units digit of c(p)?
0
Let t = 2 + 4. Suppose r = t*r - 5. What is the units digit of r?
1
Let c(r) = -20*r - 14. What is the units digit of c(-8)?
6
Suppose 0 = -0*l - 3*l + 6. Suppose -5*w - 2 = -7. Suppose l*v - 3*v + w = 0. What is the units digit of v?
1
Suppose -3*w = 2*z - 0*w - 106, -5*z + 4*w + 288 = 0. What is the tens digit of z?
5
Let l = -166 - -262. What is the units digit of l?
6
Let m = 58 + -11. What is the tens digit of m?
4
Let p be (-13)/(-5) - 8/(-20). Let a = 2 - 1. Let v = a + p. What is the units digit of v?
4
Let b be 1*0*2/6. Suppose 2*y - 27 = -u, 2*y + 5*u + b = 47. Suppose -s - y = x + 2*s, -2*x = s + 2. What is the units digit of x?
1
Let j be (-2)/(-10) - 95/(-25). Let x(k) = k**3 - 5*k**2 + 5*k + 2. What is the units digit of x(j)?
6
Let q = -3 + 2. Let s be 38/8 + q/(-4). Suppose -2*u + s*u - 30 = 0. What is the tens digit of u?
1
Let c = 5 - 2. What is the tens digit of (c + (-9)/15)*5?
1
Suppose 5*z = 5*q + 100 - 10, 2*z - 31 = 3*q. What is the tens digit of z?
2
Let x(y) = y**2 + y. Let v be x(-1). Suppose -i = -v*i + 2. What is the tens digit of 57/6 - 3/i?
1
Let j(t) = -t**3 - 7*t**2 + 9*t + 8. Let s be j(-8). What is the units digit of s - (-15 + 4/(-2))?
7
Let a = 17 + -12. Let l be -